 3*r + 31 + 45. What is the remainder when 149 is divided by g?
35
Let f = -5 - -5. Suppose 0*w + 5*w - 70 = f. Calculate the remainder when 164/4 + 0 + -1 is divided by w.
12
Suppose -2*s - 22 = -100. Suppose 2*f - 3*k - s = -0*f, -f + 36 = 4*k. What is the remainder when 69 is divided by f?
21
Suppose 0 = -4*o + 9 + 15. Suppose -h + 2*r + 26 = 0, -h + o*h - 158 = 3*r. Calculate the remainder when h is divided by (-16)/6*(-36)/8.
10
Let y(n) = 8*n**3 + 2*n**2 - 2*n + 1. What is the remainder when y(1) is divided by 4?
1
Suppose -2*y + 15 = 3*m, -2*m - 3*m + 22 = 3*y. What is the remainder when 44 is divided by y?
8
Suppose 12 = -2*c + 5*c, 5*z - 4*c - 54 = 0. What is the remainder when 39 is divided by z?
11
Suppose 4*u = -2*f + 96, 18 = 2*u - 4*f - 10. What is the remainder when 43 is divided by u?
21
Let x = -8 - -23. What is the remainder when 58 is divided by x?
13
Calculate the remainder when (4/(-2) - -192)*(-2)/(-5) is divided by 39.
37
Let a be -4 - -2 - (-9 + 0). Suppose 4*w = 1 + a. Calculate the remainder when 2 is divided by w.
0
Let w(d) be the first derivative of -d**4/4 + 2*d**3 + 9*d**2/2 + d + 1. Let g = 28 - 21. Calculate the remainder when 27 is divided by w(g).
12
What is the remainder when 21/7 + 58/2 is divided by 17?
15
Suppose 0 = 2*t + 5*q - 86, -t - 4*q = 2*t - 136. Let j = -28 + t. Let b = j + -9. What is the remainder when 31 is divided by b?
9
Let l = -160 - -249. Calculate the remainder when l is divided by 19.
13
Suppose -4*z = 2 - 26. Calculate the remainder when 356/16 + (9/4)/3 is divided by z.
5
Suppose -5 - 221 = -5*v - 3*j, -4*v + 2*j = -194. Calculate the remainder when v is divided by 17.
13
Let o = 27 - 19. Suppose -28 = -2*j + 4*m, 0*m + m + 18 = j. What is the remainder when j is divided by o?
6
Let z(t) = -4*t**3 - 4*t**2 + t + 6. Let a(d) = 5*d**3 + 4*d**2 - 6. Let c(l) = -3*a(l) - 4*z(l). What is the remainder when c(-4) is divided by 4?
2
Let m = -95 + 195. Suppose 4*k - m = -k. What is the remainder when 37 is divided by k?
17
Let z be 0 + (-3)/(-3) + -1. Let n = -27 - -50. Calculate the remainder when n is divided by 9 + 5 + (z - 2).
11
Suppose -5 = 2*d - t - 41, -4*d + 5*t = -78. Suppose d = -h - 5*y, -4*h + y + 15 = -1. Let m = h + 9. What is the remainder when 34 is divided by m?
10
Suppose -3*o + 2*v - v = 13, -2*v + 10 = -2*o. Calculate the remainder when 43 is divided by 1/(-4) + (-89)/o.
21
Suppose 3*u = -2*u + 10. Let x = 8 - u. Calculate the remainder when (10/(-4) - -3)*34/1 is divided by x.
5
Let r(k) = -k**3 + 5*k**2 + 2*k - 4. What is the remainder when 36 is divided by r(4)?
16
Let v = 20 - 9. Suppose 3*x + 6 = 4*x. Suppose 0 = -4*d + 16, x*d = -5*y + 2*d + 166. Calculate the remainder when y is divided by v.
8
Suppose 4*c + b - 10 = 0, -5*c + 14 = 4*b - 2*b. Let l = c + 1. Suppose -3*a = 12, 4*p - 18 + 2 = -l*a. What is the remainder when 13 is divided by p?
6
Suppose -93 = -4*o + 27. Suppose 17 + 13 = 5*n - 4*f, o = 5*n - 2*f. What is the remainder when 15 is divided by n?
3
Let w = 8 - 5. Suppose -2*f + 65 = w*f. Let j = 19 - f. Calculate the remainder when 17 is divided by j.
5
Let s = -10 + 16. Let c(m) = -m**3 - 5*m**2 - 3*m - 5. Suppose 4*j - 2*j - 4*r - 6 = 0, 3*r = -j - 17. What is the remainder when c(j) is divided by s?
4
Let w(g) = g**2 - g + 7. What is the remainder when w(5) is divided by 7?
6
Let k(g) = 7*g**2 - 4*g - 3. Let h be k(-2). Suppose 2*m - h = -m + 3*y, 0 = -m + 3*y + 3. Calculate the remainder when m is divided by 8.
7
Suppose t + 0*j - j = 42, -49 = -2*t - 5*j. Suppose -78 = -5*o - o. Calculate the remainder when t is divided by o.
11
Let v(f) be the second derivative of f**5/20 + f**4/2 + 5*f**3/6 - 2*f**2 + 2*f. Calculate the remainder when v(-4) is divided by 3.
2
Calculate the remainder when (-114)/((-10)/(3 + 2)) is divided by 20.
17
Let t = 5 - -22. What is the remainder when t is divided by 10?
7
Suppose 26 = k + 4. Let i(n) be the first derivative of -n**2 - 4*n - 2. What is the remainder when k is divided by i(-6)?
6
Let j(l) = -l**3 - 3*l**2 - 6*l + 2. Let w(r) = -r**2 - 6*r + 5. Let g be w(-5). Calculate the remainder when j(-2) is divided by ((-12)/(-10))/(3/g).
2
Suppose -m + 4*m - 12 = 0. Suppose 0 = m*q - 54 + 6. Suppose f - 25 = 2*c, -3*f + 4*c + 50 + 23 = 0. Calculate the remainder when f is divided by q.
11
Suppose c + r = -4*r - 23, -25 = 5*r. Suppose -z = 5*q - 22, 0*q - 57 = -z + c*q. Calculate the remainder when z is divided by (0 - 1)*8*-2.
15
Let b(f) = -f**2 + 9*f + 10. Calculate the remainder when 18 is divided by b(9).
8
Suppose 0 = -3*y + o - 22, o + 7 = -5*y - 19. Let n be 1*(1 - 2)*y. Let v = n + -4. Calculate the remainder when 2 is divided by v.
0
Suppose 0 = 2*d + 2*p - 32, d + 5*p = 3*d - 25. Suppose -8*f = -4*f + 36. Let x = d + f. What is the remainder when 16 is divided by x?
4
Let o be (-75)/(-6)*8/10. Let q = -2 + o. Suppose 3*r + 0*r + 4*l = 37, 5*l = 4*r - q. What is the remainder when 19 is divided by r?
5
What is the remainder when 87/7 - (-44)/77 is divided by 6?
1
Let n(c) = -4*c - 22. Calculate the remainder when n(-7) is divided by 3*((-16)/6)/(-2).
2
Let s = 21 - 14. Calculate the remainder when s is divided by (-84)/(-15) - 3/5.
2
Suppose 65 + 120 = 5*m. Let u(g) = -g + 0 + 4 + 2. What is the remainder when m is divided by u(-7)?
11
Let y = -32 + 73. What is the remainder when y is divided by 6?
5
Let d be ((-3)/3)/(2/114). Let i = -41 - d. Calculate the remainder when 30 is divided by i.
14
Let a(g) = -7*g + 3. Suppose -3*f + 2*v - v = -48, -3*v = -f + 16. Calculate the remainder when a(-4) is divided by f.
15
Let t = 5 - 2. Let m(u) = 9*u**t - u - 7*u**3 + 19*u**3 + 2*u**2. What is the remainder when 65 is divided by m(1)?
21
Suppose 3*r - l + 118 = -0*r, 0 = 3*r + 4*l + 113. Let w = -17 - r. Suppose 0 = -o - 4*j, 4*o = 3*j + 11 + 46. What is the remainder when w is divided by o?
10
Suppose -3*p + p + 4 = 0. Suppose -56 = -2*y - p*y. Suppose 0 = -0*j + 4*j - 160. What is the remainder when j is divided by y?
12
Let r be (-390)/(-9) + 2/3. Let i = r + -17. Suppose 3*l - l - 20 = 0. What is the remainder when i is divided by l?
7
Suppose -5*n - 1 + 6 = 0. What is the remainder when 82 is divided by (18 - n)/(-18 + 19)?
14
Suppose -o - 3*o = -80. What is the remainder when o is divided by 4?
0
Let v be ((-14)/1)/((-1)/(-1)). Let b = v + 21. Calculate the remainder when 19 is divided by b.
5
Suppose 3*b = 2*v - 97, 2*b + 121 = 3*v - 22. Calculate the remainder when v is divided by 8.
7
Let n(h) = 3*h**2 - 3*h - 2. Suppose -5*y - 8*b + 3*b = 0, b + 3 = 0. Calculate the remainder when 31 is divided by n(y).
15
Suppose -5*h - 3*m = -150 - 45, 0 = -5*h + 4*m + 195. What is the remainder when h is divided by 10?
9
Suppose -j - 5 = 4*j. Let x be (j + 0)/(3/3). Calculate the remainder when 17 is divided by (-1)/x*-2 - -11.
8
Let i = -210 - -354. Suppose 14*p = 10*p + i. What is the remainder when p is divided by 19?
17
Let p = -12 - -17. Suppose 6 = p*u - 2*u. What is the remainder when 15 is divided by (u/(-4))/1*-16?
7
Let z(o) be the first derivative of o**4/4 + 3*o**3 + 4*o**2 - o - 2. Calculate the remainder when z(-7) is divided by ((-7)/3)/((-2)/12).
13
Suppose -5*o + 3*k + 75 = 0, -2*o - 9 = -4*k - 39. Suppose -r + 4 + o = 0. Calculate the remainder when r is divided by 11.
8
Let a be -1 - -13 - (-8 + 5). Calculate the remainder when 96/15 - 6/a is divided by 3.
0
Let m be (-2)/7 + 256/14. Suppose 145 - 17 = 4*k. What is the remainder when k is divided by (-101)/(-9) + (-4)/m?
10
Suppose -3*u + 96 = 5*g, 29 = g + 3*u + 5. Let r = -4 + g. What is the remainder when r is divided by 5?
4
Calculate the remainder when 29 is divided by (5 + -4 - -4)*2.
9
Suppose -2*l + 0*z + 4*z = -62, -l - 5*z = -38. Suppose -3*t + 66 = 4*d, -3*d + 5*t = -42 - 22. Calculate the remainder when l is divided by d.
15
Let q be (-1)/((-2)/10 - 0). Suppose 0*m + 3*r + 6 = -5*m, q*r = 5*m - 10. Suppose -5*j + 65 + 5 = m. Calculate the remainder when 27 is divided by j.
13
Let s(p) = -22*p - 4. Calculate the remainder when 35 is divided by s(-1).
17
Let j(o) = o**3 + o**2 - o + 3. Calculate the remainder when 8 is divided by j(0).
2
Let o(w) = -4*w + 11. Calculate the remainder when o(-8) is divided by 11.
10
Let l be 1/(-4) + (-17